 - 11) + -58)
62
Calculate 9 + 14 + -5 + (-91 - (-22 - -11)) + 6.
-56
What is 22 - (11 + -42 + 106)?
-53
Calculate 6 + -8 + 5 - (-20 - (8 - -14)).
45
Calculate (-93 + -26 - -47) + 59.
-13
Evaluate (-17 - (-9 + 7)) + 5 + 52 + 4.
46
Evaluate -13 + 0 - (-21 - -2 - (-26 + 8)).
-12
Evaluate (67 - 202 - 5) + 147.
7
What is the value of -26 - (-81 + 5) - 134?
-84
Evaluate (26 - (21 + 34)) + 45.
16
What is the value of -3 + (1 - -53) - (-22 - (23 + -24) - -8)?
64
Calculate 264 + -575 - -312 - (1 + 0 - 114).
114
Evaluate -23 + (4 - -26) + -22 - (0 + -59).
44
Evaluate -23 - ((3 + -2 - -3) + 7).
-34
Calculate 130 + -248 + 36 + 212.
130
13 + -12 + 0 + -66 + -18 + 10
-73
What is -93 + (-18 + (10 - 3) + 15 - (1 - 0))?
-90
Evaluate (14 - 12 - 11 - 12) + 29.
8
What is -4 + 1 - (-10 + 5 + (-32 + 60 - 115))?
89
What is 68 - (-148 - -84 - -124)?
8
Calculate -55 + 3 + 52 - -28 - (-6 + (-1 - 0)).
35
What is the value of -46 + (83 - 24) + 30?
43
What is 28 - (6 - -51 - 32)?
3
What is (26 - -5) + -7 - (-94 + 76)?
42
Calculate 0 + -9 + -56 + (-21 - 23) + 21.
-88
What is (90 - -1) + (-27 - (-38 + (13 - -11)))?
78
21 + (-12 - 15 - 15) - -13
-8
What is (-13 - -11 - 32 - -18) + 55?
39
99 + (6 - (-88 - -144))
49
Calculate (-60 - -41) + (29 - 0) - -10.
20
What is 5 + 0 - ((-1 + 3 + 8 - -2) + -39)?
32
Evaluate (-15 + (-3 - -2) - -3) + (4 - (-128 - -1)).
118
Calculate 10 + -56 + (6 + -21 - 1 - -5).
-57
What is the value of (-6 - 11) + 9 - -9 - 41?
-40
(132 - 167) + -21 + 15
-41
What is the value of -5 + -16 - (-583 - -420)?
142
Evaluate 18 - (42 + (1 - 3) - (1209 - 1196)).
-9
What is the value of 3 + 5 - (-39 + -4 + 53)?
-2
What is 9 - -6 - (-3 + 4 - -79)?
-65
0 + 3 + -60 + -5 + 14 + 5 + -11
-54
What is 729 + -834 + (2 - -49)?
-54
-45 + (-57 - (99 + -123))
-78
What is 5 + (-7 - -2) + -6 + 1 - (50 + -38)?
-17
What is the value of -89 - (-39 - 15 - 2)?
-33
What is -9 - -1 - (-126 + 138) - (5 - -1)?
-26
-2 - -13 - 10 - (1 + -4 - (7 - 18))
-7
12 + (6 - (20 + 1 - (278 - 270))) + 61
66
What is the value of -13 + (-26 - (-17 + -8))?
-14
Calculate -40 + 17 + 54 - 18 - (1 + -13).
25
What is the value of (-197 - -190) + 2 + -63 + 3 + -4 + -7?
-76
Evaluate 63 - (60 + -4) - 54.
-47
Calculate -1 - (-1 + -81) - (141 - 117).
57
-101 + (-7 - (18 + -24 + 3 + 2))
-107
What is the value of (80 + -42 - -129) + -81?
86
What is (3 - (-3 - (-20 - -7))) + 5 + (9 - 47)?
-40
(-5 - -15 - -10) + (101 - 75)
46
What is -8 + (198 + -177 - (-1 - 24))?
38
What is -30 - (24 - (37 + -27) - (26 + 0))?
-18
Evaluate 14 + 24 + -17 - (-1 + 1).
21
Calculate (-62 - -28) + 41 - (-3 - (-3 - -5)).
12
Evaluate -40 + (4 - 1) + (-3407 - -3566).
122
What is (15 - -1) + (-31 - (86 + -110))?
9
What is (-63 - (38 - 41)) + 140?
80
What is the value of -50 + 6 + -7 - (-289 + 297 + (-3 - 1))?
-55
-10 + -5 - ((29 - 22) + 1 + -17)
-6
(-70 - 2) + 366 + -316
-22
Calculate 19 + -4 - 18 - 88 - -15 - (3 + 2).
-81
What is the value of (27 - (-108 + 123) - (8 - 1)) + -24?
-19
What is 2 - (-4 - (10 + (-18 - -17) - 32))?
-17
Evaluate -27 + (9 - 0 - 30) + -16.
-64
What is the value of 6 - 17 - (-7 - (-24 - -8))?
-20
What is the value of (-21 - (22 + -46) - 20) + -24?
-41
40 + -76 - -14 - -61
39
-6 - (-228 - -244 - (-3 - ((2 - 0) + 1)))
-28
18309 - 18277 - (0 + 44)
-12
What is 14 - (-2 + 23 - -45) - (1 + -3)?
-50
Evaluate -7 + (49 - (6 - -71)).
-35
Calculate -8 + (-103 - -156) + -3 + (-1 - 2).
39
-23 - ((657 - 695) + (0 - -75))
-60
What is -2 + (16 - 6) - (341 + -237)?
-96
Calculate 58 + -7 + 31 + -28.
54
Calculate (-206 - -188) + (18 - -3).
3
What is -7 + (6 + (7 - 19) - (71 - 38))?
-46
Calculate (1 - -1 - (-3 + -4)) + -2 + -127 + 170.
50
Calculate 2 - 10 - (-17 - -103 - 52 - (-3 - 2)).
-47
(-1 + -11 + 14 - (-11 + -5)) + -79
-61
Evaluate (1 - -63 - (3117 + -3100)) + 99.
146
What is the value of (-4 - 11) + (-6 - ((23 - 12) + -19)) + -4?
-17
94 + -82 + 1 + -13 + 11 + -28
-17
What is the value of -14 + -36 + 8 + 3 + 51 + -34?
-22
0 - 14 - -2 - (1 - 5) - 19
-27
Evaluate (-40 - -35) + -10 + (1 - 0 - 110).
-124
Calculate -119 - (62 - -62 - 182).
-61
What is 14 - (67 + -51 + -8)?
6
What is -3 + 9 + -9 - (29 + -57 + -37)?
62
0 - -108 - (-66 + (102 - 18))
90
What is -1 + -16 + (-12 - (-14 + -1)) + -7?
-21
25 - (-84 - (59 - 148))
20
What is the value of 1 + 4 + 60 + -937 + 955?
83
What is (32 + 1 - (19 - 16 - 11)) + 4 - 3?
42
What is the value of -28 - (28 - 20 - 66) - 71?
-41
What is the value of (10 + -19 + 80 - 20) + 16?
67
Calculate -16 + -83 + (5 - (0 + -7 + 8)).
-95
What is the value of -1 + (-13 - (-28 + 14) - 10) - (1 + -7)?
-4
What is 69 + (-48 - (-6 + -1) - -18)?
46
Calculate (758 - 782) + -6 + 5 + 4.
-21
-18 - (7 - (-12 + 51))
14
What is (13 - 0) + -1533 + 1451?
-69
What is 2 + -4 - (101 - (-85 - (-98 + 54)))?
-144
Evaluate -72 + 77 + -27 + -2.
-24
What is -77 + 40 - -47 - -71?
81
What is 50 + ((58 - 5) + -69 - (4 + -1 - 6))?
37
Calculate -55 + 52 - (-26 - 2) - (-11 + 6 + 4).
26
Calculate -4 - (76 - ((-7 - 31) + 72)).
-46
Evaluate (26 - -2) + -10 + -34.
-16
Calculate -88 + 0 + -241 + 9 + 220.
-100
What is -61 - (8 - 28) - (7 + -1)?
-47
What is the value of -166 - (73 + -123) - -18?
-98
What is the value of 8 - (2 + -5 + 6) - (40 + 2)?
-37
What is the value of 13 - 1 - (-68 + 158 + -60)?
-18
Evaluate -21 + (7 + -1 + 180 + -196 - -17).
-14
What is the value of -6394 - -6421 - (1 - 52)?
78
Evaluate 16 - (69 + -58 + 64).
-59
Evaluate -7 - (3 + 4 + -31 - (26 + (15 - 35))).
23
(14 - 28 - -1 - 26) + -18
-57
What is (-109 - -151) + (-2 - (-11 - -3))?
48
Evaluate (105 - 116) + 15 + 1.
5
26 + 64 + -43 - 99
-52
-5 - (547 + -558 + 0 + -1 + 10)
-3
What is 0 - -21 - (15 + -28 + -44)?
78
Evaluate (132 - (-11 + 8)) + 0 - (-183 + 196).
122
Calculate 2 + -8 + 59 + 30 + (27 - 43).
67
-41 + ((1 - -34) + (-3 - 9) - 11)
-29
What is (6 - -64) + -73 + (-136 - 1) + -10?
-150
Evaluate -61 + 10 - ((1 - 13 - -2) + 14).
-55
Evaluate -6 - (-6 - 64) - (-16 + (46 - 17)).
51
Evaluate (3 - -42) + (-53 - (-73 - -26)).
39
What is -6 + (6 - 9) - (-13 - 10) - (-9 + 5)?
18
What is the value of -28 + 42 - -19 - 61?
-28
What is the value of 3 + -15 + 6 + 5 - (-83 + (7 - 7))?
82
What is the value of 6 + -24 + (4 - (7 + -6)) + (-251 - -154)?
-112
What is 54 + -11 + -53 - 72?
-82
Evaluate (21 - 7) + -16 - ((-29 - -29) + 0 + 5).
-7
(-12 - (47 - 121)) + -57
5
-12 + -1 + 2 + -659 + 666 + -9
-13
-100 - (-19 - (24 - -13))
-44
Calculate -4142 + 4167 + 1 + 1 + -21 + 22.
28
-75 + (1 - (12 - 50))
-36
2 - (18 + -9 + 12 + -30)
11
What is 19 + (-3 - 7) + (10 - 53) + (-2 - 7)?
-43
What is the value of -5 - (60 - 16 - 35)?
-14
34 - 1 - (11 - (10 - 10)) - (-2 + 9)
15
What is the value of (-3 - ((-1 - 3) + 28)) + -2 + 17 + -18?
-30
Evaluate 36 + (-36 - -54) + -93.
-39
Evaluate -52 + (8 - 4) - (-257 + 273 - (21 - 2)).
-45
What is 38 - (-66 + 40) - 29?
35
(118 - 3) + -39 + (39 + 19 - 33)
101
What is the value of (-8 - 36) + 66 + -63?
-41
Calculate 1 + 25 - (-74 + 69).
31
What is -11 + (69 - 22) - 38?
-2
Evaluate -56 + 0 - (-571 - -543).
-28
Calculate (-83 + 61 - 12) + (-14 - -3).
-45
What is 46 + ((4 - -5) + -30 - (-3 - 15))?
43
What is the value of 117 + 0 + -364 + 345 - (-5 + 0 - -5)?
98
Calculate -68 - (-31 + -219 + 72).
110
Evaluate -21 - 8 - (-10 + (-9 - 1)) - -109.
100
What is 96 + -23 + -103 - -23?
-7
Calculate -77 - (68 + -67) - 5.
-83
Calculate -20 - -16 - ((-35 - -42) + (-17 - (1 + 0))).
7
8 + 367 + -117 + -151
107
Evaluate -3 + -55 + (13 + -21 + -5 - -7).
-64
What is the value of (-5 - -2) + ((-18 - -73) + -70 - (-8 - -1))?
-11
What is 11 - (-14 + 8 + 3 - -16)?
-2
What is (790 - 786) + 8 + 90?
102
Evaluate -20 + 1 + -9 - (-55 + 56).
-29
What is the value of (79 - (72 + -50)) + 15?
72
-1 + -52 - (-5 + -25 - (-50 - (-30 - -15)))
-58
14 + 23 + -11 + (-2 - 11) + 8
21
Evaluate (-4 - -1) + -7 + 1 + 15 + -18 + 57.
45
What is 11 + -3 + (1 - 11) + (15 - 8)?
5
Calculate (62 - (-8 + 6 + 0) - 6) + -26 + 19.
51
-18 + -32 + (7 - -5) - (4 + 3)
-45
Evaluate 27 - -32 - 20 - (8 - 0) - (0 - -1).
30
Evaluate -11 - -3 - (2 + 1 + -38 + 32).
-5
Evaluate -120 + (208 - 215) + 26 + 2 + -9.
-108
What is (-19 - (-1 - 16)) + -17 - 3 - 110?
-132
Evaluate (24 - (0 + -70)) + -13 + -24.
57
What is the value of -26 - (-164 - (50 - 106))?
82
What is the value of (-20 - -11 - -16) + -16 + (-8 - 38)?
-55
Evaluate 14 - (